
Is 248647 prime?
False
Is 136371787 prime?
False
Is 1076903 prime?
True
Is 1426433 composite?
True
Is 60921823 composite?
True
Is 5095117 prime?
True
Is 1547713 a composite number?
False
Is 42256262 a composite number?
True
Is 121139 prime?
True
Is 1133731 composite?
False
Is 1646413 a prime number?
True
Is 939474843 a composite number?
True
Is 39839773 prime?
False
Is 122595703 a composite number?
False
Is 3640967 composite?
True
Is 10470997 prime?
False
Is 6010919 prime?
True
Is 12818213 a composite number?
True
Is 1191473 composite?
True
Is 2328331 a prime number?
True
Is 6415753 a composite number?
False
Is 21775253 composite?
True
Is 23747447 composite?
False
Is 5550991 a composite number?
False
Is 23591 a prime number?
False
Is 30673313 composite?
True
Is 23616059 composite?
True
Is 30576371 prime?
False
Is 160731061 composite?
True
Is 235019087 a prime number?
True
Is 13725259 prime?
True
Is 30658237 a prime number?
False
Is 1585421 composite?
True
Is 7409737 composite?
False
Is 181321307 a prime number?
False
Is 277111745 a prime number?
False
Is 1627573 prime?
True
Is 1203049 a composite number?
True
Is 1999601 composite?
True
Is 659801 composite?
True
Is 27287189 a composite number?
False
Is 396833 prime?
True
Is 225146951 composite?
True
Is 10229497 a composite number?
False
Is 132640603 composite?
False
Is 502843807 composite?
True
Is 12688189 composite?
True
Is 40303577 composite?
True
Is 89441399 a composite number?
False
Is 129151361 prime?
True
Is 825977 composite?
True
Is 884809 prime?
False
Is 57419377 a composite number?
False
Is 4737961 prime?
False
Is 50286437 composite?
False
Is 148322971 composite?
True
Is 349884466 composite?
True
Is 842846171 a prime number?
True
Is 58464323 prime?
False
Is 10946981 prime?
False
Is 20474897 a prime number?
True
Is 109438027 composite?
True
Is 233507167 a composite number?
False
Is 4153349 composite?
True
Is 715801 prime?
True
Is 44039771 a composite number?
False
Is 34015493 prime?
True
Is 339283927 a prime number?
True
Is 11154307 prime?
True
Is 604663853 a composite number?
False
Is 34928329 prime?
False
Is 2642449 a composite number?
False
Is 67525903 a composite number?
False
Is 7859513 composite?
False
Is 21248093 a composite number?
False
Is 8897777 composite?
True
Is 11018713 a composite number?
False
Is 8025679 prime?
True
Is 897751 a composite number?
False
Is 858779 prime?
False
Is 26849899 prime?
True
Is 149405983 a prime number?
True
Is 2075183 composite?
True
Is 5878597 a prime number?
False
Is 9128969 a composite number?
False
Is 374192069 a composite number?
False
Is 46016653 a composite number?
True
Is 8185369 a composite number?
False
Is 200865569 a composite number?
False
Is 139410213 composite?
True
Is 388371 prime?
False
Is 185724811 a prime number?
True
Is 934733953 a composite number?
True
Is 49372649 prime?
True
Is 15078103 a composite number?
False
Is 6167269 a composite number?
False
Is 132526619 prime?
True
Is 14819081 a prime number?
False
Is 77587 composite?
False
Is 2943257 a composite number?
False
Is 109474027 a prime number?
False
Is 31003501 prime?
True
Is 4148173 a composite number?
True
Is 25572863 a prime number?
False
Is 164707841 a prime number?
True
Is 517141 a composite number?
True
Is 34987151 composite?
True
Is 256735 a composite number?
True
Is 148429 prime?
True
Is 3636427 composite?
False
Is 21677627 a prime number?
False
Is 106571155 prime?
False
Is 11439047 prime?
True
Is 1156699 composite?
False
Is 1658119 prime?
True
Is 385895381 a composite number?
False
Is 16388539 prime?
True
Is 5264813 prime?
True
Is 4653563 a composite number?
True
Is 7189627 composite?
False
Is 23377979 a composite number?
False
Is 50176897 a prime number?
True
Is 9385171 composite?
False
Is 720858935 a composite number?
True
Is 1070389 a prime number?
True
Is 4741235 composite?
True
Is 9150149 composite?
False
Is 317453809 composite?
False
Is 12807301 a prime number?
False
Is 37241 prime?
False
Is 5352401 prime?
True
Is 45916063 a prime number?
False
Is 13604837 a composite number?
True
Is 6793949 a prime number?
False
Is 7731569 a composite number?
False
Is 122586395 a prime number?
False
Is 7091449 a composite number?
False
Is 46553789 a composite number?
False
Is 3946643 composite?
False
Is 5098463 a composite number?
False
Is 11594111 prime?
True
Is 41702099 a composite number?
True
Is 121280999 composite?
True
Is 5442937 a prime number?
True
Is 75258137 a prime number?
False
Is 42005617 a prime number?
True
Is 742503 a prime number?
False
Is 15572373 composite?
True
Is 86113601 a composite number?
True
Is 301700291 composite?
False
Is 102490781 composite?
False
Is 142195477 a composite number?
True
Is 1794263 composite?
True
Is 2794703 a composite number?
False
Is 6893287 a composite number?
True
Is 73853441 composite?
False
Is 341681 a prime number?
True
Is 115439705 prime?
False
Is 197611529 prime?
True
Is 581579 prime?
False
Is 6975427 a composite number?
False
Is 115533791 a composite number?
True
Is 231333701 a prime number?
False
Is 4389647 a prime number?
True
Is 201289799 composite?
False
Is 8034119 a prime number?
False
Is 1348966 prime?
False
Is 27179561 prime?
True
Is 22200935 prime?
False
Is 484914269 a composite number?
True
Is 27787241 composite?
True
Is 389937281 a prime number?
True
Is 42054047 a composite number?
True
Is 7071 a composite number?
True
Is 2298293 composite?
False
Is 335890427 a composite number?
False
Is 72359509 a prime number?
True
Is 37668667 prime?
False
Is 6526571 a composite number?
False
Is 188753491 a prime number?
True
Is 14744545 composite?
True
Is 13142537 prime?
True
Is 3994391 a prime number?
True
Is 1247167 prime?
True
Is 1489589 a prime number?
True
Is 24498913 prime?
True
Is 5941933 a prime number?
True
Is 24073279 a composite number?
False
Is 878314 composite?
True
Is 988417 composite?
False
Is 3298807 composite?
False
Is 73984871 a prime number?
True
Is 151614217 prime?
True
Is 44204101 a composite number?
False
Is 44059703 prime?
False
Is 725657 prime?
False
Is 71273831 a composite number?
True
Is 12340715 a composite number?
True
Is 98449 prime?
False
Is 6376181 composite?
True
Is 406165569 prime?
False
Is 617401 prime?
True
Is 2096071 a prime number?
True
Is 1566511 composite?
True
Is 14600923 a prime number?
True
Is 1204297 prime?
False
Is 55795 composite?
True
Is 18498301 a prime number?
True
Is 93825493 prime?
False
Is 205015697 a prime number?
True
Is 22341626 composite?
True
Is 88303361 a prime number?
True
Is 3029549 a prime number?
False
Is 108826609 a prime number?
True
Is 41165287 a prime number?
True
Is 1205791 a composite number?
True
Is 6048899 a prime number?
True
Is 44900599 a prime number?
True
Is 11970757 composite?
False
Is 18406265 composite?
True
Is 487873 a composite number?
False
Is 99038977 composite?
False
Is 600781 a composite number?
True
Is 76313557 a prime number?
False
Is 1317119 composite?
False
Is 109724359 prime?
False
Is 98093711 composite?
False
Is 34380237 a composite number?
True
Is 11986643 composite?
False
Is 6845791 prime?
False
Is 740087 composite?
False
Is 5190247 a composite number?
False
Is 1765217 prime?
False
Is 1114747 a prime number?
False
Is 29816569 a composite number?
False
Is 376945031 composite?
False
Is 939089 prime?
True
Is 129611593 a prime number?
True
Is 316695061 a composite number?
False
Is 357662191 composite?
True
Is 17259547 prime?
True
Is 129381649 composite?
False
Is 43393303 composite?
False
Is 6213271 a composite number?
True
Is 3394333 a prime number?
True
Is 10653483 prime?
False
Is 350087 composite?
False
Is 32906122 prime?
False
Is 13881871 a composite number?
False
Is 110761153 a composite number?
True
Is 34293551 a prime number?
False
Is 354828963 composite?
True
Is 246635119 a composite number?
True
Is 18669541 composite?
True
Is 2062433 a composite number?
True
Is 2618081 composite?
False
Is 428971 prime?
False
Is 10257383 composite?
False
Is 3829597 a composite number?
False
Is 81012311 prime?
False
Is 21757499 a prime number?
True
Is 520321 prime?
False
Is 1731209 prime?
True
Is 10361939 a composite number?
True
Is 2489023 composite?
True
Is 183276993 a composite number?
True
Is 6098793 composite?
True
Is 66284849 a composite n